{"id":1107,"date":"2016-10-28T17:34:20","date_gmt":"2016-10-28T15:34:20","guid":{"rendered":"http:\/\/www.baeckerei-klein.de\/WP\/?page_id=1107"},"modified":"2026-02-20T09:44:25","modified_gmt":"2026-02-20T08:44:25","slug":"verschiedenes","status":"publish","type":"page","link":"https:\/\/www.baeckerei-klein.de\/WP\/verschiedenes\/","title":{"rendered":"Verschiedenes"},"content":{"rendered":"<h6><a href=\"http:\/\/www.baeckerei-klein.de\/WP\/baecker-gedichte\/\">B\u00e4cker Gedichte<\/a><\/h6>\n<h6><a href=\"http:\/\/www.baeckerei-klein.de\/WP\/sprueche\/\">B\u00e4cker Spr\u00fcche<\/a><\/h6>\n\n\n<p><\/p>\n","protected":false},"excerpt":{"rendered":"<p>B\u00e4cker Gedichte B\u00e4cker Spr\u00fcche<\/p>\n","protected":false},"author":1,"featured_media":0,"parent":0,"menu_order":0,"comment_status":"closed","ping_status":"closed","template":"","meta":{"footnotes":""},"class_list":["post-1107","page","type-page","status-publish","hentry"],"_links":{"self":[{"href":"https:\/\/www.baeckerei-klein.de\/WP\/wp-json\/wp\/v2\/pages\/1107","targetHints":{"allow":["GET"]}}],"collection":[{"href":"https:\/\/www.baeckerei-klein.de\/WP\/wp-json\/wp\/v2\/pages"}],"about":[{"href":"https:\/\/www.baeckerei-klein.de\/WP\/wp-json\/wp\/v2\/types\/page"}],"author":[{"embeddable":true,"href":"https:\/\/www.baeckerei-klein.de\/WP\/wp-json\/wp\/v2\/users\/1"}],"replies":[{"embeddable":true,"href":"https:\/\/www.baeckerei-klein.de\/WP\/wp-json\/wp\/v2\/comments?post=1107"}],"version-history":[{"count":9,"href":"https:\/\/www.baeckerei-klein.de\/WP\/wp-json\/wp\/v2\/pages\/1107\/revisions"}],"predecessor-version":[{"id":2930,"href":"https:\/\/www.baeckerei-klein.de\/WP\/wp-json\/wp\/v2\/pages\/1107\/revisions\/2930"}],"wp:attachment":[{"href":"https:\/\/www.baeckerei-klein.de\/WP\/wp-json\/wp\/v2\/media?parent=1107"}],"curies":[{"name":"wp","href":"https:\/\/api.w.org\/{rel}","templated":true}]}}

<h6><a href="http://www.baeckerei-klein.de/WP/baecker-gedichte/">Bäcker Gedichte</a></h6>
<h6><a href="http://www.baeckerei-klein.de/WP/sprueche/">Bäcker Sprüche</a></h6>


<p></p>

<p>Bäcker Gedichte Bäcker Sprüche</p>
