{"id":133,"date":"2016-03-25T15:04:31","date_gmt":"2016-03-25T14:04:31","guid":{"rendered":"http:\/\/www.baeckerei-klein.de\/WP\/?page_id=133"},"modified":"2026-02-11T08:03:04","modified_gmt":"2026-02-11T07:03:04","slug":"wir-ueber-uns","status":"publish","type":"page","link":"https:\/\/www.baeckerei-klein.de\/WP\/wir-ueber-uns\/","title":{"rendered":"Wir \u00fcber uns"},"content":{"rendered":"\n<h6 class=\"wp-block-heading\"><span style=\"font-family: arial, helvetica, sans-serif;\"><span class=\"style5\">B\u00e4ckerei Elmar Klein GmbH<br><\/span>Gesch\u00e4ftsf\u00fchrer:<\/span><br><span style=\"font-family: arial, helvetica, sans-serif;\">Armin und Markus Klein<\/span><\/h6>\n\n\n\n<p class=\"has-text-align-center\"><b><span style=\"color: #ff0000; font-family: Arial Black; font-size: 300%;\">Die B\u00e4ckerei<\/span><br><\/b><\/p>\n\n\n\n<p class=\"has-text-align-center\"><span style=\"font-size: large; font-family: arial, helvetica, sans-serif;\"><b><span style=\"color: #000000;\">Die Firma wurde von Gerda und Elmar Klein am 15.09.1960 <\/span><br><span style=\"color: #000000;\"> auf der Bornheimerstrasse in Bonn gegr\u00fcndet.<\/span> <\/b> <\/span><\/p>\n\n\n\n<p class=\"has-text-align-center\"><span style=\"font-size: large; font-family: arial, helvetica, sans-serif;\"><b><img loading=\"lazy\" decoding=\"async\" class=\"alignnone size-medium wp-image-338\" src=\"http:\/\/www.baeckerei-klein.de\/WP\/wp-content\/uploads\/2016\/03\/Haus-2-300x218.jpg\" alt=\"Haus\" width=\"300\" height=\"218\" srcset=\"https:\/\/www.baeckerei-klein.de\/WP\/wp-content\/uploads\/2016\/03\/Haus-2-300x218.jpg 300w, https:\/\/www.baeckerei-klein.de\/WP\/wp-content\/uploads\/2016\/03\/Haus-2-768x558.jpg 768w, https:\/\/www.baeckerei-klein.de\/WP\/wp-content\/uploads\/2016\/03\/Haus-2-500x364.jpg 500w, https:\/\/www.baeckerei-klein.de\/WP\/wp-content\/uploads\/2016\/03\/Haus-2.jpg 821w\" sizes=\"auto, (max-width: 300px) 100vw, 300px\" \/><br><span style=\"color: #000000;\">Am 01.11.1964 erfolgte der Umzug nach Uedorf bei Bonn, wie es damals hie\u00df.<\/span><br><\/b><\/span><\/p>\n\n\n\n<p class=\"has-text-align-center\"><span style=\"font-size: large; color: #000000; font-family: arial, helvetica, sans-serif;\"><b>Durch st\u00e4ndige Umbauten, vor allem durch die Errichtung der Mehlsiloanlage schon 1978 entstand ein moderner Produktionsbetrieb.<\/b><\/span><\/p>\n\n\n\n<p class=\"has-text-align-center\"><span style=\"font-size: large; color: #000000; font-family: arial, helvetica, sans-serif;\"><b><br>Bei einem Brand am 22.12.1995 wurde das Wohnhaus und ein Teil des Betriebes zerst\u00f6rt. Die Produktion konnte jedoch schon nach wenigen Tagen durch den hervorragenden Einsatz von Mitarbeitern, Nachbarn und Freunden wieder aufgenommen werden.<br>Mit den vielen Helfern feierten wir das Richtfest am 17.08.1996<\/b><\/span><\/p>\n\n\n\n<hr class=\"wp-block-separator has-alpha-channel-opacity\"\/>\n\n\n\n<figure class=\"wp-block-table\"><table><tbody><tr><td><strong><span style=\"font-size: 14pt;\"><span style=\"font-family: arial, helvetica, sans-serif;\"><span style=\"color: #ff6a00;\">01.11.1964<\/span> Uedorf<br>Parkstr. 52 <\/span><\/span><\/strong><\/td><\/tr><tr><td><strong><span style=\"font-size: 14pt;\"><span style=\"font-family: arial, helvetica, sans-serif;\"><span style=\"color: #ff6a00;\">01.03.1976<\/span> Urfeld<br>Rheinstr.102<br>seit <span style=\"color: #ff6a00;\">05.11.1992<\/span> Edeka Markt Klein<\/span><\/span><\/strong><\/td><\/tr><tr><td><strong><span style=\"font-size: 14pt; font-family: arial, helvetica, sans-serif;\"><span style=\"color: #ff6a00;\">07.07.1981<\/span> Bonn<br>K\u00f6lnstr.478<\/span><\/strong><\/td><\/tr><tr><td><strong><span style=\"font-family: arial, helvetica, sans-serif; font-size: 14pt;\"><span style=\"color: #ff6a00;\">07.02.1984<\/span> Tannenbusch<br>Berta Lungstras Str. 39<br>seit <span style=\"color: #ff6a00;\"> 16.10.1989<\/span> am Paulusplatz 1<\/span><\/strong><\/td><\/tr><tr><td><strong><span style=\"font-size: 14pt; font-family: arial, helvetica, sans-serif;\"><span style=\"color: #ff6a00;\">25.09.2000<\/span> <span style=\"color: #000000;\"> Bonn<\/span>, Buschdorferstr. 19<br>seit<span style=\"color: #ff6a00;\"> 01.07.2007<\/span> <span style=\"color: #000000;\"> Friedlandstrasse 1<\/span><\/span><\/strong><\/td><\/tr><tr><td><strong><span style=\"font-family: arial, helvetica, sans-serif; font-size: 14pt;\"><span style=\"color: #0000ff;\"><span style=\"color: #ff6a00;\">29.05.2001<\/span> <span style=\"color: #000000;\">Bonn<\/span>, <\/span>Adolfstrasse 53<br>ehemals B\u00e4ckerei Reintjes<\/span><span style=\"font-size: 14pt;\"><span style=\"font-family: arial, helvetica, sans-serif;\"><\/span><\/span><\/strong><\/td><\/tr><tr><td><strong><span style=\"font-family: arial, helvetica, sans-serif; font-size: 14pt;\"><span style=\"color: #ff6a00;\">06.10.2006<\/span> Bonn, Endenicherstrasse 282<br>neben Penny<\/span><\/strong><\/td><\/tr><tr><td><strong><span style=\"font-family: arial, helvetica, sans-serif; font-size: 14pt;\"><span style=\"color: #0000ff;\"><span style=\"color: #ff6a00;\">12.02.2009<\/span> <span style=\"color: #000000;\"> Bonn,<\/span> <\/span>Messdorferstr. 247<\/span><\/strong><\/td><\/tr><tr><td>\u00a0<strong><span style=\"font-family: arial, helvetica, sans-serif; font-size: 14pt;\"><span style=\"color: #0000ff;\"><span style=\"color: #ff6a00;\">29.09.2022<\/span> <span style=\"color: #000000;\"> Wesseling,<\/span> <\/span>Berggeiststrasse 20<\/span><\/strong><br><strong><strong><span style=\"font-size: 14pt;\"><span style=\"font-family: arial, helvetica, sans-serif;\">im EDEKA Klein<\/span><\/span><\/strong><\/strong><\/td><\/tr><tr><td><\/td><\/tr><\/tbody><\/table><\/figure>\n\n\n\n<hr class=\"wp-block-separator has-alpha-channel-opacity\"\/>\n\n\n\n<figure class=\"wp-block-table aligncenter\"><table><tbody><tr><td><span style=\"color: #000000; font-family: arial, helvetica, sans-serif;\">Fotos<\/span><\/td><td><span style=\"color: #000000; font-family: arial, helvetica, sans-serif;\">Zeitungs Artikel<\/span><\/td><td><span style=\"color: #000000; font-family: arial, helvetica, sans-serif;\">&nbsp;Videos<\/span><\/td><\/tr><tr><td><span style=\"font-family: arial, helvetica, sans-serif;\"><span style=\"color: #000000;\"><span class='mb-center maxbutton-13-center'><span class='maxbutton-13-container mb-container'><a class=\"maxbutton-13 maxbutton maxbutton-karneval-2018\" href=\"http:\/\/www.baeckerei-klein.de\/WP\/karnevalszug-uedorf-2018\/\"><span class='mb-text'>Karnevalszug Uedorf-Hersel 2018<\/span><\/a><\/span><\/span><\/span><\/span><br><span style=\"font-family: arial, helvetica, sans-serif;\"><span style=\"color: #000000;\"><span class='maxbutton-2-container mb-container'><a class=\"maxbutton-2 maxbutton maxbutton-fotos\" href=\"http:\/\/www.baeckerei-klein.de\/WP\/?page_id=252\"><span class='mb-text'>Tag der offenen T\u00fcr<\/span><\/a><\/span><\/span><\/span><br><span style=\"font-family: arial, helvetica, sans-serif;\"><span style=\"color: #000000;\"><span class='maxbutton-3-container mb-container'><a class=\"maxbutton-3 maxbutton maxbutton-fotos\" href=\"http:\/\/www.baeckerei-klein.de\/WP\/?page_id=284\"><span class='mb-text'>Nacht des Backens<\/span><\/a><\/span><\/span><\/span><br><span style=\"font-family: arial, helvetica, sans-serif;\"><span style=\"color: #000000;\"><span class='mb-center maxbutton-4-center'><span class='maxbutton-4-container mb-container'><a class=\"maxbutton-4 maxbutton maxbutton-fotos\" href=\"http:\/\/www.baeckerei-klein.de\/WP\/?page_id=340\"><span class='mb-text'>Unser Bertieb<\/span><\/a><\/span><\/span><\/span><\/span><br><span style=\"font-family: arial, helvetica, sans-serif;\"><span style=\"color: #000000;\"><span class='mb-center maxbutton-11-center'><span class='maxbutton-11-container mb-container'><a class=\"maxbutton-11 maxbutton maxbutton-fotos\" href=\"http:\/\/www.baeckerei-klein.de\/WP\/nur-fuer-mitarbeiter\/\"><span class='mb-text'>nur f\u00fcr Mitarbeiter<\/span><\/a><\/span><\/span><\/span><\/span><\/td><td><span style=\"font-family: arial, helvetica, sans-serif;\"><span style=\"color: #000000;\"><span class='mb-center maxbutton-12-center'><span class='maxbutton-12-container mb-container'><a class=\"maxbutton-12 maxbutton maxbutton-general-anzeiger\" target=\"_blank\" rel=\"noopener\" href=\"http:\/\/www.baeckerei-klein.de\/WP\/wp-content\/uploads\/2016\/10\/Generalanzeiger.pdf\"><span class='mb-text'>General-Anzeiger 23.08.2016<\/span><\/a><\/span><\/span><\/span><\/span><br><span style=\"font-family: arial, helvetica, sans-serif;\"><span style=\"color: #000000;\"><span class='mb-center maxbutton-6-center'><span class='maxbutton-6-container mb-container'><a class=\"maxbutton-6 maxbutton maxbutton-zeitungsartikel\" target=\"_blank\" rel=\"noopener\" href=\"http:\/\/www.baeckerei-klein.de\/WP\/wp-content\/uploads\/2016\/10\/Generalanzeiger2.pdf\"><span class='mb-text'>General-Anzeiger 10.10.2005<\/span><\/a><\/span><\/span><\/span><\/span><br><span style=\"font-family: arial, helvetica, sans-serif;\"><span class='maxbutton-8-container mb-container'><a class=\"maxbutton-8 maxbutton maxbutton-zeitungsartikel\" target=\"_blank\" rel=\"noopener\" href=\"http:\/\/www.general-anzeiger-bonn.de\/region\/vorgebirge-voreifel\/bornheim\/Ab-1.30-Uhr-herrscht-Hochbetrieb-article1491429.html\"><span class='mb-text'>General Anzeiger 06.11.2014 (externer Link)<\/span><\/a><\/span><\/span><br><span style=\"font-family: arial, helvetica, sans-serif;\"><span style=\"color: #000000;\"><span class='mb-center maxbutton-7-center'><span class='maxbutton-7-container mb-container'><a class=\"maxbutton-7 maxbutton maxbutton-zeitungsartikel\" href=\"http:\/\/www.baeckerei-klein.de\/WP\/?page_id=453\"><span class='mb-text'>Schaufenster<\/span><\/a><\/span><\/span><\/span><\/span><\/td><td><span style=\"color: #000000; font-family: arial, helvetica, sans-serif;\"><span class='maxbutton-9-container mb-container'><a class=\"maxbutton-9 maxbutton maxbutton-video\" href=\"http:\/\/www.baeckerei-klein.de\/WP\/?page_id=477\"><span class='mb-text'>Wir bei WDR Bonn<\/span><\/a><\/span><\/span><\/td><\/tr><\/tbody><\/table><\/figure>\n","protected":false},"excerpt":{"rendered":"<p>B\u00e4ckerei Elmar Klein GmbHGesch\u00e4ftsf\u00fchrer:Armin und Markus Klein Die B\u00e4ckerei Die Firma wurde von Gerda und Elmar Klein am 15.09.1960 auf der Bornheimerstrasse in Bonn gegr\u00fcndet. Am 01.11.1964 erfolgte der Umzug nach Uedorf bei Bonn, wie es damals hie\u00df. &hellip; <\/p>\n<div class=\"more-link-wrapper\"><a href=\"https:\/\/www.baeckerei-klein.de\/WP\/wir-ueber-uns\/\" class=\"more-link\">Continue reading<span class=\"screen-reader-text\"> &#8222;Wir \u00fcber uns&#8220;<\/span><\/a><\/div>\n","protected":false},"author":1,"featured_media":0,"parent":0,"menu_order":0,"comment_status":"closed","ping_status":"closed","template":"","meta":{"footnotes":""},"class_list":["post-133","page","type-page","status-publish","hentry"],"_links":{"self":[{"href":"https:\/\/www.baeckerei-klein.de\/WP\/wp-json\/wp\/v2\/pages\/133","targetHints":{"allow":["GET"]}}],"collection":[{"href":"https:\/\/www.baeckerei-klein.de\/WP\/wp-json\/wp\/v2\/pages"}],"about":[{"href":"https:\/\/www.baeckerei-klein.de\/WP\/wp-json\/wp\/v2\/types\/page"}],"author":[{"embeddable":true,"href":"https:\/\/www.baeckerei-klein.de\/WP\/wp-json\/wp\/v2\/users\/1"}],"replies":[{"embeddable":true,"href":"https:\/\/www.baeckerei-klein.de\/WP\/wp-json\/wp\/v2\/comments?post=133"}],"version-history":[{"count":44,"href":"https:\/\/www.baeckerei-klein.de\/WP\/wp-json\/wp\/v2\/pages\/133\/revisions"}],"predecessor-version":[{"id":2910,"href":"https:\/\/www.baeckerei-klein.de\/WP\/wp-json\/wp\/v2\/pages\/133\/revisions\/2910"}],"wp:attachment":[{"href":"https:\/\/www.baeckerei-klein.de\/WP\/wp-json\/wp\/v2\/media?parent=133"}],"curies":[{"name":"wp","href":"https:\/\/api.w.org\/{rel}","templated":true}]}}

Wir über uns

<h6 class="wp-block-heading"><span style="font-family: arial, helvetica, sans-serif;"><span class="style5">Bäckerei Elmar Klein GmbH<br></span>Geschäftsführer:</span><br><span style="font-family: arial, helvetica, sans-serif;">Armin und Markus Klein</span></h6>



<p class="has-text-align-center"><b><span style="color: #ff0000; font-family: Arial Black; font-size: 300%;">Die Bäckerei</span><br></b></p>



<p class="has-text-align-center"><span style="font-size: large; font-family: arial, helvetica, sans-serif;"><b><span style="color: #000000;">Die Firma wurde von Gerda und Elmar Klein am 15.09.1960 </span><br><span style="color: #000000;"> auf der Bornheimerstrasse in Bonn gegründet.</span> </b> </span></p>



<p class="has-text-align-center"><span style="font-size: large; font-family: arial, helvetica, sans-serif;"><b><img loading="lazy" decoding="async" class="alignnone size-medium wp-image-338" src="http://www.baeckerei-klein.de/WP/wp-content/uploads/2016/03/Haus-2-300x218.jpg" alt="Haus" width="300" height="218" srcset="https://www.baeckerei-klein.de/WP/wp-content/uploads/2016/03/Haus-2-300x218.jpg 300w, https://www.baeckerei-klein.de/WP/wp-content/uploads/2016/03/Haus-2-768x558.jpg 768w, https://www.baeckerei-klein.de/WP/wp-content/uploads/2016/03/Haus-2-500x364.jpg 500w, https://www.baeckerei-klein.de/WP/wp-content/uploads/2016/03/Haus-2.jpg 821w" sizes="auto, (max-width: 300px) 100vw, 300px" /><br><span style="color: #000000;">Am 01.11.1964 erfolgte der Umzug nach Uedorf bei Bonn, wie es damals hieß.</span><br></b></span></p>



<p class="has-text-align-center"><span style="font-size: large; color: #000000; font-family: arial, helvetica, sans-serif;"><b>Durch ständige Umbauten, vor allem durch die Errichtung der Mehlsiloanlage schon 1978 entstand ein moderner Produktionsbetrieb.</b></span></p>



<p class="has-text-align-center"><span style="font-size: large; color: #000000; font-family: arial, helvetica, sans-serif;"><b><br>Bei einem Brand am 22.12.1995 wurde das Wohnhaus und ein Teil des Betriebes zerstört. Die Produktion konnte jedoch schon nach wenigen Tagen durch den hervorragenden Einsatz von Mitarbeitern, Nachbarn und Freunden wieder aufgenommen werden.<br>Mit den vielen Helfern feierten wir das Richtfest am 17.08.1996</b></span></p>



<hr class="wp-block-separator has-alpha-channel-opacity"/>



<figure class="wp-block-table"><table><tbody><tr><td><strong><span style="font-size: 14pt;"><span style="font-family: arial, helvetica, sans-serif;"><span style="color: #ff6a00;">01.11.1964</span> Uedorf<br>Parkstr. 52 </span></span></strong></td></tr><tr><td><strong><span style="font-size: 14pt;"><span style="font-family: arial, helvetica, sans-serif;"><span style="color: #ff6a00;">01.03.1976</span> Urfeld<br>Rheinstr.102<br>seit <span style="color: #ff6a00;">05.11.1992</span> Edeka Markt Klein</span></span></strong></td></tr><tr><td><strong><span style="font-size: 14pt; font-family: arial, helvetica, sans-serif;"><span style="color: #ff6a00;">07.07.1981</span> Bonn<br>Kölnstr.478</span></strong></td></tr><tr><td><strong><span style="font-family: arial, helvetica, sans-serif; font-size: 14pt;"><span style="color: #ff6a00;">07.02.1984</span> Tannenbusch<br>Berta Lungstras Str. 39<br>seit <span style="color: #ff6a00;"> 16.10.1989</span> am Paulusplatz 1</span></strong></td></tr><tr><td><strong><span style="font-size: 14pt; font-family: arial, helvetica, sans-serif;"><span style="color: #ff6a00;">25.09.2000</span> <span style="color: #000000;"> Bonn</span>, Buschdorferstr. 19<br>seit<span style="color: #ff6a00;"> 01.07.2007</span> <span style="color: #000000;"> Friedlandstrasse 1</span></span></strong></td></tr><tr><td><strong><span style="font-family: arial, helvetica, sans-serif; font-size: 14pt;"><span style="color: #0000ff;"><span style="color: #ff6a00;">29.05.2001</span> <span style="color: #000000;">Bonn</span>, </span>Adolfstrasse 53<br>ehemals Bäckerei Reintjes</span><span style="font-size: 14pt;"><span style="font-family: arial, helvetica, sans-serif;"></span></span></strong></td></tr><tr><td><strong><span style="font-family: arial, helvetica, sans-serif; font-size: 14pt;"><span style="color: #ff6a00;">06.10.2006</span> Bonn, Endenicherstrasse 282<br>neben Penny</span></strong></td></tr><tr><td><strong><span style="font-family: arial, helvetica, sans-serif; font-size: 14pt;"><span style="color: #0000ff;"><span style="color: #ff6a00;">12.02.2009</span> <span style="color: #000000;"> Bonn,</span> </span>Messdorferstr. 247</span></strong></td></tr><tr><td> <strong><span style="font-family: arial, helvetica, sans-serif; font-size: 14pt;"><span style="color: #0000ff;"><span style="color: #ff6a00;">29.09.2022</span> <span style="color: #000000;"> Wesseling,</span> </span>Berggeiststrasse 20</span></strong><br><strong><strong><span style="font-size: 14pt;"><span style="font-family: arial, helvetica, sans-serif;">im EDEKA Klein</span></span></strong></strong></td></tr><tr><td></td></tr></tbody></table></figure>



<hr class="wp-block-separator has-alpha-channel-opacity"/>



<figure class="wp-block-table aligncenter"><table><tbody><tr><td><span style="color: #000000; font-family: arial, helvetica, sans-serif;">Fotos</span></td><td><span style="color: #000000; font-family: arial, helvetica, sans-serif;">Zeitungs Artikel</span></td><td><span style="color: #000000; font-family: arial, helvetica, sans-serif;">&nbsp;Videos</span></td></tr><tr><td><span style="font-family: arial, helvetica, sans-serif;"><span style="color: #000000;"><span class='mb-center maxbutton-13-center'><span class='maxbutton-13-container mb-container'><a class="maxbutton-13 maxbutton maxbutton-karneval-2018" href="http://www.baeckerei-klein.de/WP/karnevalszug-uedorf-2018/"><span class='mb-text'>Karnevalszug Uedorf-Hersel 2018</span></a></span></span></span></span><br><span style="font-family: arial, helvetica, sans-serif;"><span style="color: #000000;"><span class='maxbutton-2-container mb-container'><a class="maxbutton-2 maxbutton maxbutton-fotos" href="http://www.baeckerei-klein.de/WP/?page_id=252"><span class='mb-text'>Tag der offenen Tür</span></a></span></span></span><br><span style="font-family: arial, helvetica, sans-serif;"><span style="color: #000000;"><span class='maxbutton-3-container mb-container'><a class="maxbutton-3 maxbutton maxbutton-fotos" href="http://www.baeckerei-klein.de/WP/?page_id=284"><span class='mb-text'>Nacht des Backens</span></a></span></span></span><br><span style="font-family: arial, helvetica, sans-serif;"><span style="color: #000000;"><span class='mb-center maxbutton-4-center'><span class='maxbutton-4-container mb-container'><a class="maxbutton-4 maxbutton maxbutton-fotos" href="http://www.baeckerei-klein.de/WP/?page_id=340"><span class='mb-text'>Unser Bertieb</span></a></span></span></span></span><br><span style="font-family: arial, helvetica, sans-serif;"><span style="color: #000000;"><span class='mb-center maxbutton-11-center'><span class='maxbutton-11-container mb-container'><a class="maxbutton-11 maxbutton maxbutton-fotos" href="http://www.baeckerei-klein.de/WP/nur-fuer-mitarbeiter/"><span class='mb-text'>nur für Mitarbeiter</span></a></span></span></span></span></td><td><span style="font-family: arial, helvetica, sans-serif;"><span style="color: #000000;"><span class='mb-center maxbutton-12-center'><span class='maxbutton-12-container mb-container'><a class="maxbutton-12 maxbutton maxbutton-general-anzeiger" target="_blank" rel="noopener" href="http://www.baeckerei-klein.de/WP/wp-content/uploads/2016/10/Generalanzeiger.pdf"><span class='mb-text'>General-Anzeiger 23.08.2016</span></a></span></span></span></span><br><span style="font-family: arial, helvetica, sans-serif;"><span style="color: #000000;"><span class='mb-center maxbutton-6-center'><span class='maxbutton-6-container mb-container'><a class="maxbutton-6 maxbutton maxbutton-zeitungsartikel" target="_blank" rel="noopener" href="http://www.baeckerei-klein.de/WP/wp-content/uploads/2016/10/Generalanzeiger2.pdf"><span class='mb-text'>General-Anzeiger 10.10.2005</span></a></span></span></span></span><br><span style="font-family: arial, helvetica, sans-serif;"><span class='maxbutton-8-container mb-container'><a class="maxbutton-8 maxbutton maxbutton-zeitungsartikel" target="_blank" rel="noopener" href="http://www.general-anzeiger-bonn.de/region/vorgebirge-voreifel/bornheim/Ab-1.30-Uhr-herrscht-Hochbetrieb-article1491429.html"><span class='mb-text'>General Anzeiger 06.11.2014 (externer Link)</span></a></span></span><br><span style="font-family: arial, helvetica, sans-serif;"><span style="color: #000000;"><span class='mb-center maxbutton-7-center'><span class='maxbutton-7-container mb-container'><a class="maxbutton-7 maxbutton maxbutton-zeitungsartikel" href="http://www.baeckerei-klein.de/WP/?page_id=453"><span class='mb-text'>Schaufenster</span></a></span></span></span></span></td><td><span style="color: #000000; font-family: arial, helvetica, sans-serif;"><span class='maxbutton-9-container mb-container'><a class="maxbutton-9 maxbutton maxbutton-video" href="http://www.baeckerei-klein.de/WP/?page_id=477"><span class='mb-text'>Wir bei WDR Bonn</span></a></span></span></td></tr></tbody></table></figure>

<p>Bäckerei Elmar Klein GmbHGeschäftsführer:Armin und Markus Klein Die Bäckerei Die Firma wurde von Gerda und Elmar Klein am 15.09.1960 auf der Bornheimerstrasse in Bonn gegründet. Am 01.11.1964 erfolgte der Umzug nach Uedorf bei Bonn, wie es damals hieß. &hellip; </p>
<div class="more-link-wrapper"><a href="https://www.baeckerei-klein.de/WP/wir-ueber-uns/" class="more-link">Continue reading<span class="screen-reader-text"> &#8222;Wir über uns&#8220;</span></a></div>
